{"id":1864,"date":"2022-01-03T16:49:51","date_gmt":"2022-01-03T15:49:51","guid":{"rendered":"https:\/\/theatre-lille.com\/?page_id=1864"},"modified":"2025-05-13T14:20:28","modified_gmt":"2025-05-13T12:20:28","slug":"ma-philosophie","status":"publish","type":"page","link":"https:\/\/theatre-lille.com\/index.php\/ma-philosophie\/","title":{"rendered":"Ma philosophie"},"content":{"rendered":"<p>Note du prof pour exposer les grands principes qui r\u00e9gissent tous les enseignements donn\u00e9s dans le cadre des Cours de th\u00e9\u00e2tre The V-.<br>&nbsp;<\/p><h3 class=\"wp-block-heading\">Esprit de groupe et de solidarit\u00e9<\/h3><p><br>Je souhaite insuffler dans chaque groupe un <strong>esprit collectif<\/strong>, un mouvement d&rsquo;ensemble. C&rsquo;est le sens de l&rsquo;ambiance pr\u00eat\u00e9e \u00e0 chaque enseignement, qui est r\u00e9alis\u00e9 par le prisme du <strong>rire<\/strong>, de l&rsquo;<strong>amusement<\/strong> et de la <strong>valorisation de chacun\u00b7e<\/strong>, mais la balle est \u00e9galement dans le camp des participant\u00b7e\u00b7s : les <strong>initiatives spontan\u00e9es de sociabilisation<\/strong> par tel \u00e9v\u00e8nement, tel resto ou tel groupe WhatsApp sont les bienvenues !<\/p><p>Il y a un <strong>int\u00e9r\u00eat p\u00e9dagogique<\/strong> dans cette philosophie : un spectacle, c&rsquo;est <strong>un projet<\/strong>. Dans une troupe, un\u00b7e com\u00e9dien\u00b7ne n&rsquo;est pas seulement com\u00e9dien\u00b7ne : <strong>tout le monde met la main \u00e0 la patte<\/strong>. Vous serez invit\u00e9\u00b7e\u00b7s \u00e0 participer, sur un <strong>mode d&rsquo;entraide<\/strong>, au processus de montage de la repr\u00e9sentation. Selon les pr\u00e9f\u00e9rences, les talents et les possibilit\u00e9s, vous pourrez ainsi participer \u00e0 l&rsquo;organisation, \u00e0 l&rsquo;affiche, \u00e0 la bande son, aux lumi\u00e8res, aux d\u00e9cors, aux costumes, \u00e0 l&rsquo;accueil, \u00e0 la prise de vue, etc.\u00a0<br>\u00a0<\/p><h3 class=\"wp-block-heading\">Confiance et bienveillance<\/h3><p><br>Chacun\u00b7e est invit\u00e9\u00b7e \u00e0 participer \u00e0 tous les exercices, car ils sont con\u00e7us pour \u00eatre <strong>accessibles \u00e0 tou\u00b7te\u00b7s<\/strong>, avec des niveaux de difficult\u00e9s \u00e9chelonn\u00e9s. Mais un exercice qui est facile et spontan\u00e9 chez les un\u00b7e\u00b7s peut parfois \u00eatre tr\u00e8s difficile et source de stress chez les autres, en fonction de l&rsquo;histoire de chacun\u00b7e. On vient tou\u00b7te\u00b7s avec <strong>nos bagages et notre jardin secret<\/strong>. Aussi, si un\u00b7e com\u00e9dien\u00b7ne se sent vraiment mal \u00e0 l&rsquo;aise de faire tel exercice (en particulier ceux ax\u00e9s sur la confiance, mais pas que), il ou elle peut tr\u00e8s bien <strong>demander poliment \u00e0 s&rsquo;en extraire sans avoir \u00e0 se justifier publiquement<\/strong>. Cela va sans dire (mais \u00e7a va mieux en le disant) : dans ces cours, il n&rsquo;y aura <strong>pas d&rsquo;humiliations ni de violences <\/strong>(y compris sexistes et sexuelles) sous pr\u00e9texte que \u00ab\u00a0c&rsquo;est du th\u00e9\u00e2tre\u00a0\u00bb.<\/p><p><strong>Bienveillance <\/strong>est le ma\u00eetre mot entre tou\u00b7te\u00b7s les com\u00e9dien\u00b7ne\u00b7s. Il conviendra \u00e0 tout moment (improvisation, travail sur texte, exercice de confiance, linguistique, expression corporelle&#8230;) de consid\u00e9rer <strong>sa propre performance avec humilit\u00e9<\/strong> et <strong>les r\u00e9alisations des autres avec indulgence<\/strong> mais, si le moment s&rsquo;y pr\u00eate, une <strong>inter-critique franche et constructive<\/strong> sera encourag\u00e9e.<br>&nbsp;<\/p><h3 class=\"wp-block-heading\">Passion de transmettre et inclusion<\/h3><p><br>Il s&rsquo;agit bien de cours de th\u00e9\u00e2tre et non d&rsquo;un atelier th\u00e9\u00e2tre : ils sont fond\u00e9s sur un <strong>principe p\u00e9dagogique<\/strong>. J&rsquo;aime transmettre, c&rsquo;est la raison pour laquelle je prodigue ces enseignements.<\/p><p>Je fais le n\u00e9cessaire pour ne perdre personne en chemin \u2013 m\u00eame s&rsquo;il est impossible d&rsquo;avoir une homog\u00e9n\u00e9it\u00e9 compl\u00e8te de niveau dans les cours (en particulier pour le th\u00e9\u00e2tre en langue \u00e9trang\u00e8re). Aussi, <strong>si vous n&rsquo;\u00eates pas s\u00fbr\u00b7e de comprendre<\/strong> la consigne du jeu, l&rsquo;objectif d&rsquo;un exercice ou simplement un mot, <strong>il est imp\u00e9ratif de m&rsquo;interroger<\/strong> afin que tout le monde parte du m\u00eame niveau de compr\u00e9hension !<\/p><p>Vous venez pour <strong>apprendre quelque chose<\/strong> ? Je serai ravi de vous aider \u2013 avec modestie, car je ne suis pas omniscient et car c&rsquo;est parfois la pratique de l&rsquo;exercice ou la force du groupe qui permet de s&rsquo;enrichir. Vous venez pour montrer ce que vous savez faire, vous \u00eates <strong>\u00e0 la recherche d&rsquo;un public<\/strong> ? Je vous souhaite une grande r\u00e9ussite, mais mes cours ne sont pas le lieu pour \u00e7a et \u00e7a ne rendrait service ni aux autres com\u00e9dien\u00b7ne\u00b7s (chacun\u00b7e doit pouvoir s&rsquo;exprimer), ni \u00e0 vous-m\u00eame (chacun\u00b7e doit pouvoir apprendre en toute humilit\u00e9).<br>&nbsp;<\/p><h3 class=\"wp-block-heading\">Assiduit\u00e9 et engagement<\/h3><p><br><strong>Arriver \u00e0 l&rsquo;heure en cours<\/strong> n&rsquo;est pas qu&rsquo;une question de politesse. C&rsquo;est \u00e9galement une n\u00e9cessit\u00e9 pour <strong>le bon d\u00e9roulement des enseignements<\/strong> (ne pas interrompre un exercice de concentration, ne pas louper des consignes) et <strong>l&rsquo;organisation du cours<\/strong> (ne pas rater une information importante, ne pas trouver porte close car je ferme les portes du Spotlight pendant les cours&#8230;).<\/p><p>Je veux \u00e9galement souligner la n\u00e9cessit\u00e9 d&rsquo;\u00eatre <strong>pr\u00e9sent\u00b7e \u00e0 chaque s\u00e9ance<\/strong>, en particulier lorsque les r\u00e9p\u00e9titions auront commenc\u00e9 au semestre 2. Des exceptions sont bien s\u00fbr tol\u00e9r\u00e9es en cas d&rsquo;impond\u00e9rable : merci de <strong>me pr\u00e9venir en cas d&rsquo;absence<\/strong>, car je r\u00e8gle la pr\u00e9paration de mes cours en fonction des pr\u00e9sents (effectifs pour les exercices, type de besoins pour les enseignements, distribution pour les r\u00e9p\u00e9titions) :<br><strong>&nbsp;&nbsp;\u00b7 Pour une absence pr\u00e9vue \u00e0 l&rsquo;avance<\/strong> : m&rsquo;en informer dans le groupe WhatsApp d\u00e9di\u00e9 pendant la semaine (si vous me le d\u00eetes oralement, je risque d&rsquo;oublier !) et, en tout \u00e9tat de cause, au moins 24h \u00e0 l&rsquo;avance pour que je puisse faire les changements de programme n\u00e9cessaires ;<br><strong>&nbsp;&nbsp;\u00b7 Pour un impr\u00e9vu de derni\u00e8re minute<\/strong> (moins de 24h) : m&rsquo;en informer par SMS. Il faut toutefois l&rsquo;\u00e9viter au maximum !<\/p><p>L&rsquo;apprentissage du texte doit \u00eatre effectu\u00e9 tr\u00e8s t\u00f4t pendant le projet pour le confort de tou\u00b7te\u00b7s et pour la qualit\u00e9 du spectacle. La dose de texte sera adapt\u00e9e en fonction des possibilit\u00e9s de distribution et de la facilit\u00e9 des com\u00e9dien\u00b7ne\u00b7s \u00e0 incarner tel ou tel personnage. Lorsque cela est possible, le d\u00e9sir des com\u00e9dien\u00b7ne\u00b7s est sond\u00e9 pour la distribution des r\u00f4les. Les inscrit\u00b7e\u00b7s aux Cours de th\u00e9\u00e2tre The V- s&rsquo;engagent \u00e0 mettre l&rsquo;investissement n\u00e9cessaire pour <strong>apprendre et conna\u00eetre leur texte de fa\u00e7on<\/strong> fluide selon le calendrier fix\u00e9 en s\u00e9ance.<\/p><hr class=\"wp-block-separator has-alpha-channel-opacity\"\/><p class=\"has-text-color has-link-color wp-elements-1a84e6c08ecf1d11d3b9ceba21564bd0\" style=\"color:#cc33cc\"><strong>NB : Tout\u00b7e contrevenant\u00b7e aux principes \u00e9nonc\u00e9s ci-dessus, ou toute personne qui nuirait au bon d\u00e9roulement des cours ou d&rsquo;une repr\u00e9sentation, s&rsquo;exposerait \u00e0 des d\u00e9cisions de rem\u00e9diation prises \u00e0 la seule discr\u00e9tion de Vianney DALE, allant d&rsquo;une redistribution de ses r\u00f4les, jusqu&rsquo;\u00e0 l&rsquo;exclusion <em>sine die<\/em> des Cours de th\u00e9\u00e2tre The V- sans possibilit\u00e9 de remboursement.<\/strong><\/p><p>Merci de votre compr\u00e9hension ! \ud83d\ude09<\/p>","protected":false},"excerpt":{"rendered":"<p>Note du prof pour exposer les grands principes qui r\u00e9gissent tous les enseignements donn\u00e9s dans le cadre des Cours de th\u00e9\u00e2tre The V-.&nbsp; Esprit de groupe et de solidarit\u00e9 Je souhaite insuffler dans chaque groupe un esprit collectif, un mouvement d&rsquo;ensemble. C&rsquo;est le sens de l&rsquo;ambiance pr\u00eat\u00e9e \u00e0 chaque enseignement, qui est r\u00e9alis\u00e9 par le [&hellip;]<\/p>\n","protected":false},"author":1,"featured_media":0,"parent":0,"menu_order":0,"comment_status":"closed","ping_status":"closed","template":"","meta":{"footnotes":""},"class_list":["post-1864","page","type-page","status-publish","hentry"],"jetpack_sharing_enabled":true,"_links":{"self":[{"href":"https:\/\/theatre-lille.com\/index.php\/wp-json\/wp\/v2\/pages\/1864"}],"collection":[{"href":"https:\/\/theatre-lille.com\/index.php\/wp-json\/wp\/v2\/pages"}],"about":[{"href":"https:\/\/theatre-lille.com\/index.php\/wp-json\/wp\/v2\/types\/page"}],"author":[{"embeddable":true,"href":"https:\/\/theatre-lille.com\/index.php\/wp-json\/wp\/v2\/users\/1"}],"replies":[{"embeddable":true,"href":"https:\/\/theatre-lille.com\/index.php\/wp-json\/wp\/v2\/comments?post=1864"}],"version-history":[{"count":22,"href":"https:\/\/theatre-lille.com\/index.php\/wp-json\/wp\/v2\/pages\/1864\/revisions"}],"predecessor-version":[{"id":3121,"href":"https:\/\/theatre-lille.com\/index.php\/wp-json\/wp\/v2\/pages\/1864\/revisions\/3121"}],"wp:attachment":[{"href":"https:\/\/theatre-lille.com\/index.php\/wp-json\/wp\/v2\/media?parent=1864"}],"curies":[{"name":"wp","href":"https:\/\/api.w.org\/{rel}","templated":true}]}}