{"id":3148,"date":"2025-05-26T17:05:00","date_gmt":"2025-05-26T15:05:00","guid":{"rendered":"https:\/\/theatre-lille.com\/?page_id=3148"},"modified":"2025-09-29T11:45:16","modified_gmt":"2025-09-29T09:45:16","slug":"inscription","status":"publish","type":"page","link":"https:\/\/theatre-lille.com\/index.php\/inscription\/","title":{"rendered":"Inscription 2025-2026"},"content":{"rendered":"<p>Je souhaite m\u2019inscrire aux Cours de th\u00e9\u00e2tre The V- :<\/p><blockquote class=\"wp-block-quote is-layout-flow wp-block-quote-is-layout-flow\"><p><strong>INSCRIPTIONS FERM\u00c9ES<\/strong><br><br>Bonjour \u00e0 toutes et tous,<\/p>\n\n<p>Vous avez \u00e9t\u00e9 nombreux et nombreuses \u00e0 souhaiter vous inscrire et nous vous remercions vivement pour votre confiance !<\/p>\n\n<p>\u00c0 l&rsquo;issue des s\u00e9ances d&rsquo;essai (et des s\u00e9ances d&rsquo;essai \/ audition), les places sont parties tr\u00e8s vite et nous sommes d\u00e9sol\u00e9s de ne pas pouvoir accueillir tout le monde, bien que ce serait avec grand plaisir\u2026<\/p>\n\n<p>En effet, nous souhaitons maintenir les groupes \u00e0 12 ou 13 grand maximum afin de garantir une meilleure exp\u00e9rience des \u00e9l\u00e8ves et afin de proposer des spectacles avec une bonne r\u00e9partition du texte.<\/p>\n\n<p>Celles et ceux qui n&rsquo;ont pas eu de place cette ann\u00e9e pourront retenter leur chance l&rsquo;ann\u00e9e prochaine (inscriptions fin juin &#8211; d\u00e9but juillet)\u2026 Et en attendant, pourront venir voir les spectacles qui seront donn\u00e9s en mai-juin 2026 !<\/p><\/blockquote>","protected":false},"excerpt":{"rendered":"<p>Je souhaite m\u2019inscrire aux Cours de th\u00e9\u00e2tre The V- : INSCRIPTIONS FERM\u00c9ES Bonjour \u00e0 toutes et tous, Vous avez \u00e9t\u00e9 nombreux et nombreuses \u00e0 souhaiter vous inscrire et nous vous remercions vivement pour votre confiance ! \u00c0 l&rsquo;issue des s\u00e9ances d&rsquo;essai (et des s\u00e9ances d&rsquo;essai \/ audition), les places sont parties tr\u00e8s vite et nous [&hellip;]<\/p>\n","protected":false},"author":1,"featured_media":0,"parent":0,"menu_order":0,"comment_status":"closed","ping_status":"closed","template":"","meta":{"footnotes":""},"class_list":["post-3148","page","type-page","status-publish","hentry"],"jetpack_sharing_enabled":true,"_links":{"self":[{"href":"https:\/\/theatre-lille.com\/index.php\/wp-json\/wp\/v2\/pages\/3148"}],"collection":[{"href":"https:\/\/theatre-lille.com\/index.php\/wp-json\/wp\/v2\/pages"}],"about":[{"href":"https:\/\/theatre-lille.com\/index.php\/wp-json\/wp\/v2\/types\/page"}],"author":[{"embeddable":true,"href":"https:\/\/theatre-lille.com\/index.php\/wp-json\/wp\/v2\/users\/1"}],"replies":[{"embeddable":true,"href":"https:\/\/theatre-lille.com\/index.php\/wp-json\/wp\/v2\/comments?post=3148"}],"version-history":[{"count":4,"href":"https:\/\/theatre-lille.com\/index.php\/wp-json\/wp\/v2\/pages\/3148\/revisions"}],"predecessor-version":[{"id":3580,"href":"https:\/\/theatre-lille.com\/index.php\/wp-json\/wp\/v2\/pages\/3148\/revisions\/3580"}],"wp:attachment":[{"href":"https:\/\/theatre-lille.com\/index.php\/wp-json\/wp\/v2\/media?parent=3148"}],"curies":[{"name":"wp","href":"https:\/\/api.w.org\/{rel}","templated":true}]}}